umber?
False
Let r(n) = -3*n + 34. Let a(y) = 7*y - 69. Let i(o) = 4*a(o) + 9*r(o). Let k be i(0). Suppose -3*u + 3*g = -k, -3*u + 49 = u - g. Is u a composite number?
False
Suppose 22 + 68 = -5*l. Is (-5)/30 + (-1065)/l prime?
True
Let c be 2241/15 + (-2)/5. Let k(l) = 8*l + 8. Let h be k(6). Let t = c + h. Is t prime?
False
Let r be 1/(-2)*(-28)/7. Suppose -21 = -r*x + t, -t = 2*t - 9. Is 47 - (x/(-3))/2 a composite number?
True
Suppose 2*x = -2*x + 3932. Is x a composite number?
False
Let m be (0/(-1) - -2)*22. Let w(h) = h**2 - 1. Let i be w(-1). Suppose i = u - j - m, 3*u - 74 = 2*u - 5*j. Is u prime?
False
Let h be (3/(-2))/(4/(-8)). Suppose -t = h*t. Suppose -b + t*b = -37. Is b composite?
False
Suppose 0 = 2*z - 599 - 511. Suppose h = -2*h + z. Is h prime?
False
Suppose 4*o - 9 = 7*o. Let j be (o/(-2))/((-6)/8). Is (j/2)/(1/(-14)) prime?
False
Suppose o = i - 98, i = 5*i - 3*o - 395. Let f = -55 + i. Is f a prime number?
False
Let m(o) be the third derivative of -7*o**4/6 - o**3/2 - 6*o**2. Is m(-2) a prime number?
True
Suppose 3*x = 2*z - 8 - 51, 0 = 4*x - z + 82. Is 494/14 + 6/x prime?
False
Let h(w) = -w + 2. Let g be h(6). Let s be 2/g - 1/2. Is 21/3*-3*s a prime number?
False
Let i = 3 - -2. Suppose -i*w = 1 - 31. Is w/21 - (-514)/14 a composite number?
False
Is 3/6*6*103 a composite number?
True
Let m(z) = z**2 - z + 19. Suppose 2*v = -3*v. Is m(v) prime?
True
Let r(o) = o**3 + 10*o**2 + 2*o - 3. Let j be r(-7). Suppose k = -k + j. Is k prime?
False
Let j = 18 + -8. Let s(f) = f - 1 + 3*f + j*f. Is s(1) a composite number?
False
Suppose -15 = -3*k - 0. Suppose t - 1013 = -4*z - 4*t, k*t + 272 = z. Is z prime?
True
Let h(r) = 0*r + 10*r + 1 + 5*r + 2*r**2. Is h(-14) composite?
True
Suppose 0 = 2*l - 4 - 6. Is (1 + 68)*5/l a prime number?
False
Let p = 1839 - 797. Is p a composite number?
True
Let h = -258 + 4769. Is h composite?
True
Let b(a) = 6*a - 6. Let p be b(7). Suppose -4*v + 2*v + 2*t - p = 0, 2*v + 51 = 5*t. Let w = v - -23. Is w a prime number?
False
Let n = 933 + -392. Is n a prime number?
True
Is 412 + (-2)/(8/12) a prime number?
True
Let a(l) = 2052*l**2 + 3*l + 2. Is a(-1) a composite number?
True
Let h(j) = -j**2 + 8*j + 7. Suppose b = 5*r + 31, 4*b - 2*r - 110 = 14. Suppose 0 = 3*n - 2*a - b, -3*n + 3*a + 43 = n. Is h(n) prime?
False
Suppose -k = -0*k - 4. Suppose 0 = -4*u - y - 0*y + 95, k*u = -3*y + 85. Is u a composite number?
True
Let k(g) = 2*g**2. Let y be k(-1). Suppose -1215 - 1280 = -4*h - q, -q + 3118 = 5*h. Suppose y*i - h = -109. Is i prime?
True
Let o(f) = 231*f - 25. Is o(6) composite?
False
Let x = -1341 - -1882. Is x a prime number?
True
Let n(t) = t + 10. Suppose 0 = 2*r - 10, -3*c - 4*r = -7*r - 6. Suppose -2*v = -v + c. Is n(v) prime?
True
Suppose -2*l = -0*l - t - 748, -2*l + 756 = -3*t. Suppose 0 = -3*z - 99 + l. Is z a prime number?
False
Is 2/10 + (-820)/(-25) a composite number?
True
Suppose m = 4*m - 699. Is m composite?
False
Let w(o) = -12*o**3 + 2*o**2 + 4*o + 1. Is w(-3) composite?
False
Let b(k) = 3*k**3 - 1. Let r be b(1). Let l(q) = 2*q**r - 3 - 1 - 2 + q. Is l(5) a prime number?
False
Suppose -790 = -4*y + 2*k + k, 2*k = -3*y + 601. Is y prime?
True
Suppose 0 = -48*f + 50*f - 1270. Is f a prime number?
False
Suppose -2*t + 2 = 0, 3*h - 2*t = -3*t + 1870. Let p be 4/(-6)*18/(-4). Suppose -s + 6*s + 3*u - h = 0, 397 = p*s - 4*u. Is s composite?
False
Let q(a) = a + 1. Let h(p) = -p - 5. Let t be h(-5). Let y be -1 + t + (3 - -4). Is q(y) a composite number?
False
Let c be 1/4 + 39/(-12). Let w = c - -4. Is 6/3 + 9*w composite?
False
Let o = -789 - -1448. Suppose -k + 16 = 3*k, -3*i - 2*k = -o. Is i a prime number?
False
Let v(n) = 489*n**2 + 4*n + 1. Is v(-2) composite?
False
Let f be -79*(0 - 2/(-1)). Let a be f/(-6) - 6/18. Is 4234/a + 4/26 prime?
True
Let r be (6/4)/((-9)/(-12)). Suppose 3*x = r*j + 21 + 76, 5*x + 5*j - 195 = 0. Is x a prime number?
False
Let x = -6 + 3. Is ((-1)/x)/(5/795) a composite number?
False
Let k be 2 - (4 - 3) - -1232. Suppose 0 = y + 2, 416 = 5*h + 3*y - k. Is h prime?
True
Suppose -2*p = 2*p. Let j be (-3 - -2)/1*p. Suppose j = -2*w - 2*n + 330, -4*w = -n - 535 - 115. Is w a prime number?
True
Suppose q = 7*u - 2*u + 10, -u + 2 = -q. Let l(i) = -3*i**3 + i**2 - 3*i - 4. Is l(u) prime?
False
Let v be 2/(-8) + (-15)/4. Let z = v - -9. Suppose -z*n = -2*n - 222. Is n a prime number?
False
Let b = 81 + -44. Let y = b + -20. Suppose -d - 4 + y = 0. Is d a composite number?
False
Suppose 2148 = 6*t - 4218. Is t a composite number?
False
Let q(o) = -o**3 + o**2 + 5*o - 4. Let x be q(3). Let k(a) = a + 3. Let u be k(7). Let t = x + u. Is t composite?
False
Suppose 9*g - 6*g = 1059. Is g prime?
True
Let s = -107 + 196. Is s prime?
True
Suppose 0 = 7*f - 8*f. Suppose 0 = -f*l - l + 53. Is l a prime number?
True
Let y = 6 + -2. Let i(f) = -f + 18. Let x be i(15). Suppose 13 = -t + x*u + 53, -y*u + 26 = t. Is t a composite number?
True
Suppose 12 = 2*q - 4*k, 0 = 5*q - 0*q + 2*k - 30. Let i = q - -71. Is i a prime number?
False
Suppose 0 = -0*a + 4*a. Suppose a = b - 5*d - 203, -3*b + 1008 - 399 = -2*d. Is b a prime number?
False
Let m(g) = -g**3 - 5*g**2 - 8*g - 5. Suppose -3*j = -5*j + 4. Suppose -j*x = 3*x + 25. Is m(x) a prime number?
False
Suppose 0 = -j + 5*p + 1132, 4*j + 5597 = 9*j - 4*p. Is j a composite number?
False
Suppose -3*n = -f - 1257, 2*n + 3*f - 838 = 6*f. Is n a composite number?
False
Suppose 9 = -5*m + 44. Let o = m - 4. Suppose 0 = -4*k - o*u + 59 + 39, -u - 21 = -k. Is k composite?
False
Let b(w) be the second derivative of -w**5/20 - 3*w**4/4 - w**2 + 2*w. Let d be b(-9). Is d + 2 + -2 + 93 a composite number?
True
Suppose -5*s = m - 44, 2*s + 3 + 1 = 0. Suppose 0 = -4*n - 5*j + 45 + 62, 3*n = 5*j + m. Is n prime?
True
Suppose z + z = 4. Suppose r - 4*r + 4*l = -105, -z*l - 140 = -4*r. Is r a prime number?
False
Let j(k) = 2*k**2 + 5. Let y(q) = -2*q**2 - 5. Let r(x) = -5*j(x) - 6*y(x). Is r(-5) a composite number?
True
Is -3 - (133188/(-77) + (-4)/14) a prime number?
False
Suppose 7 = -5*j - 18. Let b(m) = m + 3. Let p be b(j). Is 15/6 - p/(-4) composite?
False
Suppose 3*c - 4 = -c + 2*j, -c = -2*j - 1. Is 15/5 - (c - 17) a prime number?
True
Let j(i) = 40*i**3 - i - 1. Let r be j(-1). Is (12/8)/((-6)/r) prime?
False
Let j(v) = 96*v**2 + 4*v + 1. Let d be j(3). Suppose -794 - d = -3*m. Is m a composite number?
False
Let t(u) = -10*u**3 + 2*u**2 - u + 1. Let m be t(3). Suppose 1 - 6 = z - x, 3*z = -2*x + 5. Is (-2)/(-4)*z*m a composite number?
False
Let c(m) = -4*m**3 + m**2 - 3*m + 5. Is c(-4) prime?
False
Let c be (1*15)/(12/(-8)). Let a(f) = -6*f - 7. Is a(c) prime?
True
Suppose 187 = 2*q - q. Suppose -q = c - 2*c. Is c a prime number?
False
Let i = 232 - 53. Is i a composite number?
False
Let f(z) = -z**3 - 4*z**2 + 3. Is f(-8) prime?
False
Let f be (-9)/(-5) - (-1)/5. Suppose 4*o = -3*b + 361, -f*b - 2*o + 0*o = -244. Is b a composite number?
False
Let t(j) = -2*j + 1. Let n be t(3). Is (-348)/(-15) - (-1)/n a prime number?
True
Suppose 0 = 2*t - 4*p + 8, -2*t - p - 4*p = -19. Is (23/3)/(t/18) a composite number?
True
Suppose -4*m - x = 125, -4*m - 5*x = -x + 140. Let g = -66 - -121. Let s = g + m. Is s composite?
True
Suppose -3*z - 2489 = -5*m, -3*m - 2*m + 2493 = -z. Is m a composite number?
False
Suppose 5*v + t = -991, -t = -0*v - 3*v - 601. Let a = 284 + v. Is a composite?
True
Suppose 0 = -4*l + 3*j - 18, -2*l + 3*j + 6 = -6*l. Let t(f) = 24*f**2 - 3*f + 1. Let b be t(l). Is b*(-2)/(-4) - 0 a composite number?
False
Suppose p - 38 = 5*h, p + h - 36 = 5*h. Let v be (p/6)/((-14)/63). Is 6/v - (-100)/7 composite?
True
Suppose -h = -0*h - 3. Suppose h*k - 111 = -18. Is k a prime number?
True
Let s(w) be the third derivative of 7*w**4/8 - w**3 - 2*w**2. Let n be s(5). Let c = 176 - n. Is c composite?
True
Suppose -319 - 106 = -5*b. Is b a composite number?
True
Let y = 9 + 154. Is y a prime number?
True
Let p = -138 + 623. Is p a prime number?
False
Let m(n) be the second derivative of n**4/12 - n**3/6 - n**2/2 - 2*n. Let c be m(2). Let y(q) = 5*q**2 + q. Is y(c) composite?
True
Let p(c) = c**3 - 12*c**2 - 9*c - 7. Let a(u) = -u**3 + 2*u**2 + u. Let b be a(-2). Is p(b) prime?
False
Suppose 4*h + 7 - 19 = 0. Is h composite?
False